NOAA-Style Climate Reports
Select a Year or Month report
2024: Яну Фев Мар Апр Май Юни Юли Авг Сеп Окт Ное Дек
2023: Яну Фев Мар Апр Май Юни Юли Авг Сеп Окт Ное Дек
2022: Яну Фев Мар Апр Май Юни Юли Авг Сеп Окт Ное Дек
2024: Яну Фев Мар Апр Май Юни Юли Авг Сеп Окт Ное Дек
2023: Яну Фев Мар Апр Май Юни Юли Авг Сеп Окт Ное Дек
2022: Яну Фев Мар Апр Май Юни Юли Авг Сеп Окт Ное Дек
Report for 2023 Януари
Monthly Climatological Summary for Jan 2023 Name: mypws.ddns.net City: Sofia State: Elevation: 554 m Lat: N 42Т° 41' 08" Lon: E 023Т° 20' 55" Temperature (Т°C), Rain (mm), Wind Speed (km/h) Heat Cool Avg Mean Deg Deg Wind Dom Day Temp High Time Low Time Days Days Rain Speed High Time Dir ---------------------------------------------------------------------------------- 18 11.8 12.4 21:55 11.2 23:41 0.8 0.0 0.0 1.9 12.0 22:36 NE 19 14.5 18.7 12:22 7.8 22:06 3.9 0.0 9.8 10.1 63.0 14:19 S 20 5.5 9.4 12:39 1.9 21:22 12.8 0.0 17.1 3.5 29.0 14:41 N 21 5.8 10.8 14:43 1.3 05:58 13.0 0.0 0.0 1.5 20.0 14:53 SE 22 7.9 12.1 14:51 4.9 07:23 10.4 0.0 0.5 1.8 20.0 23:38 ESE 23 7.3 8.9 00:34 5.2 23:53 11.0 0.0 0.0 5.6 31.0 11:55 ESE 24 3.1 5.2 00:00 1.5 23:17 15.2 0.0 0.0 4.1 24.0 11:46 E 25 1.5 2.9 13:25 0.1 22:48 16.8 0.0 0.0 2.2 21.0 14:44 E 26 0.3 1.9 14:04 -0.7 05:33 18.0 0.0 0.0 4.4 28.0 15:30 ESE 27 0.3 0.8 03:59 -0.3 01:03 18.0 0.0 0.0 1.4 21.0 17:38 WNW 28 0.2 1.3 14:02 -2.0 02:28 18.1 0.0 0.0 6.5 27.0 21:28 WNW 29 -0.2 0.4 14:45 -0.8 07:06 18.5 0.0 0.0 5.7 27.0 00:25 WNW 30 -0.8 0.2 14:57 -1.4 19:07 19.1 0.0 0.0 5.3 33.0 16:33 NW 31 1.1 3.3 12:06 -1.0 00:00 17.2 0.0 0.0 9.5 42.0 14:00 WNW ---------------------------------------------------------------------------------- 4.2 18.7 19 -12.0 28 192.8 0.0 27.4 4.7 63.0 19 WNW Max >= 27.0 0 Max <= 0.0 0 Min <= 0.0 6 Min <= -18.0 0 Max Rain: 17.1 on day 20 Days of Rain: 3 (>= 0.2 mm) 2 (>= 2.0 mm) 0 (>= 20.0 mm) Heat Base: 18.3 Cool Base: 18.3 Method: Integration